et n be (0 + -2)/(2/(8/4)). Let q be 9/((-45)/n)*85. Suppose -15*h - q = -17*h. What are the prime factors of h?
17
Suppose -4*t - 2*j = -1644, 4*t - 1638 = 4*j - 3*j. List the prime factors of -4 - (2/1)/((-1)/t).
2, 3, 17
Let y be 2/((4/2 - 1)*-2). Let i(v) = 799*v**2 + v. What are the prime factors of i(y)?
2, 3, 7, 19
Let q(a) = -3 + 8*a + 49 - 2. Let x be q(5). Suppose -k = -305 + x. List the prime factors of k.
13, 17
Let p(x) = -110*x + 25. Let v(a) = -a + 1. Let i(h) = p(h) - 2*v(h). What are the prime factors of i(-2)?
239
Suppose -2*t + 7426 = 2*m, -3*t + 18*m + 11125 = 23*m. List the prime factors of t.
2, 3, 5, 31
Let c(m) = 18*m**2 + 5*m + 9. Let a(j) = 37*j**2 + 9*j + 19. Let n(f) = -2*a(f) + 5*c(f). List the prime factors of n(5).
2, 13, 17
Let v(s) = 2*s - 23. Let j be v(6). Let m = j - -37. Suppose m*a - 27*a = -3. What are the prime factors of a?
3
Let l = -97 - -102. Suppose z + l*w - 22 = 0, 0 = 5*z + 2*w + 2*w - 26. Suppose z*o = 4*b + 116, 3*o + 0*o + b - 209 = 0. What are the prime factors of o?
2, 17
Let s(n) = n**2 + 5*n + 3. Let c be s(-6). Let r(v) = 2*v**2 + 47 - 89 + 52 - 2*v. What are the prime factors of r(c)?
2, 7, 11
Suppose 5*q + 68 = 23. Let b be 0/((-5)/(-15) - 6/q). What are the prime factors of 1*(1 + b)*5?
5
Let z be 1/((-4)/(-2 - -10)). List the prime factors of (-373)/(-3) - ((-4)/(-3) + z).
5
Suppose 40 = -0*i + 2*i. Let l = -597 + 602. Let f = l + i. List the prime factors of f.
5
Let g(b) = 39*b + 3976. What are the prime factors of g(-83)?
739
Suppose -7257 = -3*c - 1892 + 5075. List the prime factors of c.
2, 3, 5, 29
Let u(b) = b**2 + 11*b - 1. Let h be u(-11). Let p = h + 1. Suppose p = -c + 29 + 20. What are the prime factors of c?
7
Let x = 12 - 17. What are the prime factors of 325 - (x - -6 - -2)?
2, 7, 23
Let o = 1485 + -960. Let y = 932 - o. List the prime factors of y.
11, 37
Suppose 5 - 11 = -2*m, 2*a + m = -51. Let b = a - -19. List the prime factors of (396/b*4)/(-2).
3, 11
Let m = -271 + 270. What are the prime factors of ((-5535)/405)/(0 - m/(-114))?
2, 19, 41
List the prime factors of (-12088)/(-416)*-8*13*-1.
2, 1511
Let c(k) = k. Let r(x) = -16*x - 5. Let n(y) = 28*c(y) + 4*r(y). Let j = -12 + 8. List the prime factors of n(j).
2, 31
Let m = 50 + 121. List the prime factors of (5 - (-44)/(-4)) + m.
3, 5, 11
Let w(g) = -845*g - 855*g + 1682*g + g**3 - 10*g**2 + 104. What are the prime factors of w(15)?
7, 137
Let s(w) = 1379*w**2 - 88*w + 405. List the prime factors of s(4).
17, 1301
Suppose -7*m - 5*h - 11 = -9*m, -4*m + 4*h = -4. What are the prime factors of 9/(-63)*m - (-2287)/7?
3, 109
Let n(p) = p**3 + 2*p**2 - 5*p - 5. Let d be n(-2). Let s be (-11 + -4)*(-6)/d. Let w(u) = u**3 - 19*u**2 + 21*u - 17. List the prime factors of w(s).
37
Let d(f) = -3461*f - 5571. What are the prime factors of d(-9)?
2, 3, 7, 29
Let n be 2/5*40/(-16) + 405. Suppose -504 = -4*q - 2*j, 8*q - 5*q - n = 5*j. List the prime factors of q.
2
Suppose 15 = 5*y - 10. Let d = -162 + 166. Suppose 0 = -y*p + 2*p, -i + 33 = d*p. List the prime factors of i.
3, 11
Let n = -2 - 13. Let g be ((-222)/n)/(6/180). Suppose q = -5*q + g. What are the prime factors of q?
2, 37
Let f(y) = 5*y**2 + 11*y - 49. Let r be (-137)/15 + 24/180. List the prime factors of f(r).
257
Suppose 6*d = 5*d. Let x(k) = k**2 + 13*k - 48. Let u be x(-15). What are the prime factors of (-6 - d)/(u/279)?
3, 31
Let d be 20/20*(-235 + (-1)/1). List the prime factors of d/((-3)/42*4).
2, 7, 59
Let d = 36065 - 19370. What are the prime factors of d?
3, 5, 7, 53
Let l = -60 + 61. Let n be (576 - (4 + 1)) + l. Suppose n + 318 = 5*t. What are the prime factors of t?
2, 89
Suppose 3*f = 9, -114 = 3*w - 5*f + 108. Let x = -70 - w. What are the prime factors of 229/(x + 2 + 0)?
229
Let i(u) = 3705*u - 796. List the prime factors of i(17).
62189
Suppose -4*w = -0*w + 4*l - 4336, 4*w + 3*l - 4336 = 0. Suppose 5*n - w = 2*j, 0*j - 3*n - 1084 = 2*j. List the prime factors of (-2)/(-3) - j*5/30.
7, 13
Let b = 30959 - 16252. List the prime factors of b.
7, 11, 191
Suppose 2*p + 3*k - 94632 = 0, -3*k + 187559 + 238201 = 9*p. List the prime factors of p.
2, 3, 73
Let u(w) = -13*w + 3193. Let q be u(0). Suppose q = 2*i - 5*r, 2*r + 6346 = -2*i + 6*i. Suppose 17*x - i = 8*x. List the prime factors of x.
2, 11
Let w(k) = k**2 + 2*k - 6. Let q(p) = 9*p - 40. Let y be q(-4). Let d be (5 + y/8)*4/3. What are the prime factors of w(d)?
2, 3
Let h = -2195 + 1174. Let d = -680 - h. List the prime factors of d.
11, 31
Let z(m) = -m**3 - 14*m**2 + 11*m - 175. List the prime factors of z(-21).
7, 383
Suppose 64*q - 2434660 = 14*q - 99*q. List the prime factors of q.
2, 5, 19, 43
Suppose 0 = 18*k - 29247 - 45615. What are the prime factors of k?
4159
Suppose 47 = 4*f - p, -83 = -p - 82. Suppose -5*j = w - 1060, -16*w + 4219 = -f*w - j. What are the prime factors of w?
5, 211
Suppose -y + 2 + 1 = 0. Suppose -36 = -o - y*o. Suppose o*d - 5*d - 356 = 0. List the prime factors of d.
89
Suppose 127398 = 21*q - 83295. What are the prime factors of q?
79, 127
Let j be (-4374)/63 - 6/(-14). Let v be j*(1 + 0/(-5)). Let i = 192 + v. List the prime factors of i.
3, 41
Suppose -f + 78 = -32. Suppose v + t + 15 = 0, 5*t = 5*v - 0*t + 85. Let a = f + v. What are the prime factors of a?
2, 47
Let u(t) = 8*t - 123. Let a be u(16). Suppose d + 4305 = a*s, -20*s - 3473 = -24*s - 5*d. List the prime factors of s.
2, 431
Let w = 17 - 150. Let n = 84 - w. Let x = 385 - n. List the prime factors of x.
2, 3, 7
Let w be (163/2 - 0)*2. Suppose 0*c = -c - 2*m + w, 5*m - 805 = -5*c. What are the prime factors of c?
3, 53
Suppose 3*x - 4*o + 3474 - 26491 = 0, 5*o = -3*x + 22981. What are the prime factors of x?
11, 17, 41
Let c(z) = 4*z**2 - 35*z - 5. Let n be c(9). Suppose -2*r + 5*k + 2244 = 0, -4478 = -n*r - 9*k + 14*k. What are the prime factors of r?
1117
Let x = -8104 - -14536. List the prime factors of x.
2, 3, 67
Suppose -34*x - 2*d + 12 = -35*x, 26 = -2*x + 2*d. Let l(p) = -34*p - 51. List the prime factors of l(x).
5, 17
Suppose 2*v - 8 = 0, -81*v + 79*v = -2*j + 1218. List the prime factors of j.
613
Suppose 3*a = 4*a + 3*f - 11, -3*f + 9 = 0. Suppose 0 = -66*n + 65*n - 4, 0 = -a*t - n + 1304. What are the prime factors of t?
2, 3, 109
Suppose -95024 = -189*u + 4284503 - 569665. List the prime factors of u.
2, 10079
Suppose 0 = -407*o + 189*o + 16581298. List the prime factors of o.
23, 3307
Suppose 12*c - 8*o = -12*o + 444632, -5*o = -4*c + 148236. What are the prime factors of c?
2, 97, 191
Let x(w) = 14147*w - 113. List the prime factors of x(3).
2, 11, 13, 37
Suppose 0 = -14*p + 19*p + 425. Let b = -164 - p. Let i = -39 - b. What are the prime factors of i?
2, 5
List the prime factors of (-446)/(7434/1494 + 1*-3 + -2).
83, 223
Suppose 3*o + 4*x = 9220, 0 = 56*o - 53*o - 2*x - 9196. Let a = o - 2018. What are the prime factors of a?
2, 3, 5, 7
Let p = -244 - -248. Suppose p*a + q - 883 = 0, 4*a + 11*q - 7*q = 892. List the prime factors of a.
2, 5, 11
Let c(f) = f**3 + 21*f**2 + 26*f - 4. Let b be (-1 - (-46)/(-4))/((-2)/12). Suppose 3*x - 18 = -b. List the prime factors of c(x).
2, 7
Let j = 845 + -1272. Let i = j - -204. Let o = i + 333. List the prime factors of o.
2, 5, 11
Suppose -z = 4*z + 2740. Let b = -249 - z. List the prime factors of b.
13, 23
Let d be 1 + 1 - (6 - 2). Let v be (-785)/d*12/10. Suppose 0 = -6*i - 117 + v. List the prime factors of i.
59
Let g = 2 + -6. Let u(f) = -f**2 - f + 14. Let v be u(g). Suppose -5*j - 2*p = -54, -1 = v*j + 2*p - 25. List the prime factors of j.
2, 5
Suppose 14120 = 5*u - 19245. What are the prime factors of u?
6673
Let k = -156 + 224. Let i = -96 + k. Let h = 172 + i. List the prime factors of h.
2, 3
Suppose 272575 = 70*q - 103196 - 106319. What are the prime factors of q?
71, 97
What are the prime factors of (29716/(-6) - -10)*3/(-2)?
2, 11, 337
Let h(y) = -y + 11 + 6 - 9. Let l be h(7). List the prime factors of (303/(-6))/(l/(-2)).
101
Let w(b) = -5*b**3 + 8*b**2 + 8*b - 84. Let z be w(-12). Suppose 46*v - z = -1010. What are the prime factors of v?
11, 17
Let p = -239 + 513. Let b = 322 - p. What are the prime factors of b?
2, 3
Let r = -60 + 148. Suppose 4*x - r = 4*u, 5*x = -u + 2*u + 118. What are the prime factors of (-